{"id":651,"date":"2024-01-16T14:49:03","date_gmt":"2024-01-16T13:49:03","guid":{"rendered":"https:\/\/www.univ-chlef.dz\/fm\/?page_id=651"},"modified":"2024-02-01T09:30:01","modified_gmt":"2024-02-01T09:30:01","slug":"lhabilitation-universitaire","status":"publish","type":"page","link":"https:\/\/fm.univ-chlef.dz\/?page_id=651","title":{"rendered":"L\u2019HABILITATION UNIVERSITAIRE"},"content":{"rendered":"\t\t<div data-elementor-type=\"wp-page\" data-elementor-id=\"651\" class=\"elementor elementor-651\">\n\t\t\t\t<div class=\"elementor-element elementor-element-761a9378 e-flex e-con-boxed e-con e-parent\" data-id=\"761a9378\" data-element_type=\"container\">\n\t\t\t\t\t<div class=\"e-con-inner\">\n\t\t<div class=\"elementor-element elementor-element-c63af0c e-con-full e-flex e-con e-child\" data-id=\"c63af0c\" data-element_type=\"container\" data-settings=\"{&quot;background_background&quot;:&quot;classic&quot;}\">\n\t\t\t\t<div class=\"elementor-element elementor-element-4f9dbf0e elementor-widget elementor-widget-ucaddon_simple_list_menu\" data-id=\"4f9dbf0e\" data-element_type=\"widget\" data-widget_type=\"ucaddon_simple_list_menu.default\">\n\t\t\t\t<div class=\"elementor-widget-container\">\n\t\t\t\t\t\n<!-- start List Menu -->\n\t\t<link id='font-awesome-css' href='https:\/\/fm.univ-chlef.dz\/wp-content\/plugins\/unlimited-elements-for-elementor\/assets_libraries\/font-awesome6\/fontawesome-all.min.css' type='text\/css' rel='stylesheet' >\n\t\t<link id='font-awesome-4-shim-css' href='https:\/\/fm.univ-chlef.dz\/wp-content\/plugins\/unlimited-elements-for-elementor\/assets_libraries\/font-awesome6\/fontawesome-v4-shims.min.css' type='text\/css' rel='stylesheet' >\n\n<style>\/* widget: List Menu *\/\n\n#uc_simple_list_menu_elementor_4f9dbf0e\n{\n  text-align:left;\n}\n#uc_simple_list_menu_elementor_4f9dbf0e ul\n{\n  padding:0;\n  list-style:none;\n  margin:0;\n}\n\n#uc_simple_list_menu_elementor_4f9dbf0e ul li\n{\n  padding:0;\n  list-style:none;\n  margin:0;\n}\n\n#uc_simple_list_menu_elementor_4f9dbf0e ul li.current_page_item\n{\n  background-color:;\n}\n\n#uc_simple_list_menu_elementor_4f9dbf0e ul ul li.current_page_item\n{\n  background-color:#f2f2f2;\n}\n\n#uc_simple_list_menu_elementor_4f9dbf0e ul ul ul li.current_page_item\n{\n  background-color:#e6e6e6;\n}\n\n#uc_simple_list_menu_elementor_4f9dbf0e ul li:last-child\n{\n  border-bottom:none;\n}\n\n#uc_simple_list_menu_elementor_4f9dbf0e ul li a\n{\n  text-decoration:none;\n  display:block;\n}\n\n\n\n<\/style>\n\n<div id=\"uc_simple_list_menu_elementor_4f9dbf0e\" class=\"simple_list_menu\">\n<div class=\"ue_simple_list_menu_title\"><\/div><ul id=\"menu-formation\" class=\"uc-list-menu\"><li id=\"menu-item-1640\" class=\"menu-item menu-item-type-post_type menu-item-object-page menu-item-1640\"><a href=\"https:\/\/fm.univ-chlef.dz\/?page_id=1632\" class=\"menu-link\">OFFRE DE FORMATION<\/a><\/li>\n<li id=\"menu-item-1430\" class=\"menu-item menu-item-type-post_type menu-item-object-page menu-item-1430\"><a href=\"https:\/\/fm.univ-chlef.dz\/?page_id=695\" class=\"menu-link\">LE DOCTORAT<\/a><\/li>\n<li id=\"menu-item-1440\" class=\"menu-item menu-item-type-post_type menu-item-object-page menu-item-1440\"><a href=\"https:\/\/fm.univ-chlef.dz\/?page_id=651\" class=\"menu-link\">L\u2019HABILITATION UNIVERSITAIRE<\/a><\/li>\n<li id=\"menu-item-1429\" class=\"menu-item menu-item-type-post_type menu-item-object-page menu-item-1429\"><a href=\"https:\/\/fm.univ-chlef.dz\/?page_id=707\" class=\"menu-link\">AGENCES DE RECHERCHES SCIENTIFIQUES<\/a><\/li>\n<\/ul>\n<\/div>\n<!-- end List Menu -->\t\t\t\t<\/div>\n\t\t\t\t<\/div>\n\t\t\t\t<\/div>\n\t\t<div class=\"elementor-element elementor-element-3413a2c6 e-con-full e-flex e-con e-child\" data-id=\"3413a2c6\" data-element_type=\"container\">\n\t\t\t\t<div class=\"elementor-element elementor-element-3cd32120 elementor-widget elementor-widget-text-editor\" data-id=\"3cd32120\" data-element_type=\"widget\" data-widget_type=\"text-editor.default\">\n\t\t\t\t<div class=\"elementor-widget-container\">\n\t\t\t\t\t\t\t\t\t<!-- start List Menu -->\n\t\t<link id=\\'font-awesome-css\\' href=\\'https:\/\/www.univ-chlef.dz\/istm\/wp-content\/plugins\/unlimited-elements-for-elementor\/assets_libraries\/font-awesome5\/css\/fontawesome-all.min.css\\' type=\\'text\/css\\' rel=\\'stylesheet\\' >\n\t\t<link id=\\'font-awesome-4-shim-css\\' href=\\'https:\/\/www.univ-chlef.dz\/istm\/wp-content\/plugins\/unlimited-elements-for-elementor\/assets_libraries\/font-awesome5\/css\/fontawesome-v4-shims.css\\' type=\\'text\/css\\' rel=\\'stylesheet\\' >\n\t\t\t<style type=\\\"text\/css\\\">\/* widget: List Menu *\/\n#uc_simple_list_menu_elementor_6e4aa097\n{\n  text-align:left;\n}\n#uc_simple_list_menu_elementor_6e4aa097 ul\n{\n  padding:0;\n  list-style:none;\n  margin:0;\n}\n#uc_simple_list_menu_elementor_6e4aa097 ul li\n{\n  padding:0;\n  list-style:none;\n  margin:0;\n}\n#uc_simple_list_menu_elementor_6e4aa097 ul li.current_page_item\n{\n  background-color:;\n}\n#uc_simple_list_menu_elementor_6e4aa097 ul ul li.current_page_item\n{\n  background-color:#f2f2f2;\n}\n#uc_simple_list_menu_elementor_6e4aa097 ul ul ul li.current_page_item\n{\n  background-color:#e6e6e6;\n}\n#uc_simple_list_menu_elementor_6e4aa097 ul li:last-child\n{\n  border-bottom:none;\n}\n#uc_simple_list_menu_elementor_6e4aa097 ul li a\n{\n  text-decoration:none;\n  display:block;\n}\n<\/style>\n<ul id=\\\"menu-formation\\\"><li id=\\\"menu-item-688\\\"><a href=\\\"https:\/\/www.univ-chlef.dz\/istm\/?page_id=194\\\">REGLEMENTATIONS<\/a><\/li>\n<\/ul>\n\t\t\t<!-- end List Menu -->\t\t\n\t\t<section data-id=\\\"3fe057bb\\\" data-element_type=\\\"section\\\" data-settings=\\\"{&quot;background_background&quot;:&quot;classic&quot;}\\\"><p><strong>Sessions de d\u00e9p\u00f4t\u00a0:<\/strong><\/p><p>En application de l\u2019arr\u00eat\u00e9 minist\u00e9riel N\u00b0 521 du 05 septembre 2013 fixant les modalit\u00e9s de mise en\u0153uvre des dispositions relatives l\u2019habilitation universitaire, deux sessions de d\u00e9p\u00f4t des dossiers de candidatures sont respectivement fix\u00e9es en janvier puis en septembre au cours de l\u2019ann\u00e9e universitaire.<\/p><ul><li><p><strong>Conditions\u00a0:<\/strong><\/p><\/li><\/ul><p>Le candidat \u00e0 l\u2019habilitation universitaire doit \u00eatre\u00a0:<\/p><p>* Enseignant chercheur ou chercheur permanant, en position d\u2019activit\u00e9 permanente dansson \u00e9tablissement d\u2019exercice.<\/p><p>* Titulaire dans le grade occup\u00e9<\/p><p><strong>Dates de d\u00e9p\u00f4t des dossiers\u00a0:<\/strong><\/p><ul><li><p>du 15 au 31 janvier<\/p><\/li><li><p>du 15 au 30 septembre.<\/p><\/li><\/ul><p><strong>Dossier de candidature\u00a0:<\/strong><\/p><ul><li><p>Pour l\u2019enseignant chercheur, le dossier de candidature pour une habilitation Universitaire doit comporter les pi\u00e8ces suivantes\u00a0:<\/p><\/li><\/ul><p>1 . Demande manuscrite<\/p><p>2 . Copie de la d\u00e9cision de titularisation dans le grade<\/p><p>3 . Attestation de fonction r\u00e9cente<\/p><p>4 . Copie des dipl\u00f4mes universitaires obtenus<\/p><p>5 . Exemplaire de la th\u00e8se de doctorat<\/p><p>6 . Curriculum vitae retra\u00e7ant les diff\u00e9rentes \u00e9tapes de la carri\u00e8re du postulant<\/p><p>7 . Les documents portant sur l\u2019ensemble des travaux du postulant \u00e0 l\u2019habilitation universitaire, notamment :<\/p><ul><li><p>Un article et\/ ou publication scientifiques publi\u00e9s dans une revue scientifique reconnue avec comit\u00e9 de lecture, r\u00e9alis\u00e9 apr\u00e8s la soutenance de doctorat.<\/p><\/li><li><p>La production p\u00e9dagogique r\u00e9alis\u00e9e (ouvrages, polycopi\u00e9s, cours en ligne\u2026)est justifi\u00e9e par au moins un polycopi\u00e9.<\/p><\/li><li><p>Autres articles scientifiques, s\u2019il y a lieu, publi\u00e9s dans des revues scientifiquesreconnues avec comit\u00e9 de lecture.<\/p><\/li><li><p>Les communications scientifiques dans des conf\u00e9rences et colloques scientifiques, s\u2019il y a lieu, accompagn\u00e9es d\u2019une attestation de participation.<\/p><\/li><li><p>Les ouvrages scientifiques s\u2019il y a lieu.<\/p><\/li><li><p>Les brevets d\u2019invention, s\u2019il y a lieu.<\/p><\/li><li><p>Une synth\u00e8se de cinq (5 ) \u00e0 dix (1 0 ) pages mettant en exergue l\u2019ensemble des travaux scientifiques et p\u00e9dagogiques.<\/p><\/li><\/ul><p>\u00a0<\/p><ul><li><p>Pour le chercheur permanent le dossier de candidature pour une habilitation Universitaire doit comporter les pi\u00e8ces suivantes\u00a0:<\/p><\/li><\/ul><p>1 . Demande manuscrite<\/p><p>2 . Copie de la d\u00e9cision de titularisation dans le grade<\/p><p>3 . Attestation de fonction r\u00e9cente<\/p><p>4 . Copie des dipl\u00f4mes universitaires obtenus<\/p><p>5 . Exemplaire de la th\u00e8se de doctorat<\/p><p>6. Curriculum vitae retra\u00e7ant les diff\u00e9rentes \u00e9tapes de la carri\u00e8re du postulant<\/p><p>7 . Les documents portant sur l\u2019ensemble des travaux du postulant \u00e0 l\u2019habilitation universitaire, notamment :<\/p><ul><li><p>Un article et ou publication scientifiques publi\u00e9s dans une revue scientifiquereconnue avec comit\u00e9 de lecture, r\u00e9alis\u00e9 apr\u00e8s la soutenance de doctorat.<\/p><\/li><li><p>Les activit\u00e9s de recherche scientifiques et de d\u00e9veloppement technologiquessanctionn\u00e9es par des rapports annuels valid\u00e9s par le conseil scientifique.<\/p><\/li><li><p>Autres articles scientifiques, s\u2019il y a lieu, publi\u00e9s dans des revues scientifiquesreconnues avec comit\u00e9 de lecture.<\/p><\/li><li><p>Les communications scientifiques dans des conf\u00e9rences et colloquesscientifiques, s\u2019il y a lieu, accompagn\u00e9es d\u2019une attestation de participation.<\/p><\/li><li><p>Les ouvrages scientifiques s\u2019il y a lieu.<\/p><\/li><li><p>Les brevets d\u2019invention, s\u2019il y a lieu.<\/p><\/li><li><p>Une synth\u00e8se de cinq (5) \u00e0 dix (10) pages mettant en exergue l\u2019ensemble destravaux scientifiques.<\/p><\/li><li><p><strong>L\u2019op\u00e9ration de d\u00e9p\u00f4t\u00a0de dossier\u00a0:<\/strong><\/p><\/li><\/ul><p>Le candidat doit d\u00e9poser son dossier en huit (08) exemplaires aupr\u00e8s du Vice Rectorat de la Formation Sup\u00e9rieure, de Troisi\u00e8me Cycle, l\u2019Habilitation Universitaire, de son \u00e9tablissement d\u2019exercice, qui lui d\u00e9livre imm\u00e9diatement un bon de r\u00e9ception de dossier. Le Vice Rectorat se chargera du contr\u00f4le de la conformit\u00e9 administrative et r\u00e8glementaire du dossier.<\/p><p>Si l\u2019universit\u00e9 de Chlef n\u2019est pas habilit\u00e9e \u00e0 d\u00e9livrer l\u2019Habilitation Universitaire dans la sp\u00e9cialit\u00e9 du candidat, l\u2019\u00e9tablissement transmettra le dossier \u00e0 l\u2019une des Universit\u00e9s les plus proches, habilit\u00e9 dans cette sp\u00e9cialit\u00e9 et ce dans un d\u00e9lai n\u2019exc\u00e9dant pas 08 jours \u00e0 partir de la date d\u2019expiration des sessions de d\u00e9p\u00f4t, en informant l\u2019int\u00e9ress\u00e9.<\/p><ul><li><p><a href=\\\"http:\/\/www.univ-chlef.dz\/uhbc\/PDF\/SG_1155.pdf\\\" target=\\\"_blank\\\" rel=\\\"noopener noreferrer\\\">Note: revues permettant l\u2019habilitation et la soutenance<\/a><\/p><\/li><li><p><a href=\\\"http:\/\/www.univ-chlef.dz\/uhbc\/PDF\/Arrete_477_du_25_Juillet_2015.PDF\\\" target=\\\"_blank\\\" rel=\\\"noopener noreferrer\\\">Arr\u00eat\u00e9 n\u00b0 477 du 25 Juillet 2015 Habilitation Doctorat 2015<\/a><\/p><\/li><li><p><a href=\\\"http:\/\/www.univ-chlef.dz\/uhbc\/PDF\/Rectificatif_Arrete%20n_333_du_12_juillet_2015_DLMD_OUEST.pdf\\\" target=\\\"_blank\\\" rel=\\\"noopener noreferrer\\\">Rectificatif Habilitation Doctorat 2015<\/a><\/p><\/li><li><p><a href=\\\"http:\/\/www.univ-chlef.dz\/VRRSPGH\/index.php?option=com_content&amp;view=article&amp;id=70:note-fixant-les-modalite-dorganisation-du-concours-de-doctorat&amp;catid=8:annonce&amp;Itemid=85\\\" target=\\\"_blank\\\" rel=\\\"noopener noreferrer\\\">Note fixant les modalit\u00e9 d\u2019organisation du concours de doctorat<\/a><\/p><\/li><\/ul><\/section><footer id=\\\"colophon\\\" role=\\\"contentinfo\\\"><section data-id=\\\"71946bf\\\" data-element_type=\\\"section\\\">\u00a0<\/section><\/footer>\t\t\t\t\t\t\t\t<\/div>\n\t\t\t\t<\/div>\n\t\t\t\t<\/div>\n\t\t\t\t\t<\/div>\n\t\t\t\t<\/div>\n\t\t\t\t<\/div>\n\t\t","protected":false},"excerpt":{"rendered":"<p>LE LMD LE DOCTORAT L\u2019HABILITATION UNIVERSITAIRE AGENCES DE RECHERCHES SCIENTIFIQUES REGLEMENTATIONS Sessions de d\u00e9p\u00f4t\u00a0: En application de l\u2019arr\u00eat\u00e9 minist\u00e9riel N\u00b0 521 du 05 septembre 2013 fixant les modalit\u00e9s de mise en\u0153uvre des dispositions relatives l\u2019habilitation universitaire, deux sessions de d\u00e9p\u00f4t des dossiers de candidatures sont respectivement fix\u00e9es en janvier puis en septembre au cours de [&hellip;]<\/p>\n","protected":false},"author":4,"featured_media":0,"parent":53,"menu_order":0,"comment_status":"closed","ping_status":"closed","template":"elementor_header_footer","meta":{"site-sidebar-layout":"default","site-content-layout":"","ast-site-content-layout":"default","site-content-style":"default","site-sidebar-style":"default","ast-global-header-display":"","ast-banner-title-visibility":"","ast-main-header-display":"","ast-hfb-above-header-display":"","ast-hfb-below-header-display":"","ast-hfb-mobile-header-display":"","site-post-title":"","ast-breadcrumbs-content":"","ast-featured-img":"","footer-sml-layout":"","ast-disable-related-posts":"","theme-transparent-header-meta":"","adv-header-id-meta":"","stick-header-meta":"","header-above-stick-meta":"","header-main-stick-meta":"","header-below-stick-meta":"","astra-migrate-meta-layouts":"default","ast-page-background-enabled":"default","ast-page-background-meta":{"desktop":{"background-color":"var(--ast-global-color-4)","background-image":"","background-repeat":"repeat","background-position":"center center","background-size":"auto","background-attachment":"scroll","background-type":"","background-media":"","overlay-type":"","overlay-color":"","overlay-opacity":"","overlay-gradient":""},"tablet":{"background-color":"","background-image":"","background-repeat":"repeat","background-position":"center center","background-size":"auto","background-attachment":"scroll","background-type":"","background-media":"","overlay-type":"","overlay-color":"","overlay-opacity":"","overlay-gradient":""},"mobile":{"background-color":"","background-image":"","background-repeat":"repeat","background-position":"center center","background-size":"auto","background-attachment":"scroll","background-type":"","background-media":"","overlay-type":"","overlay-color":"","overlay-opacity":"","overlay-gradient":""}},"ast-content-background-meta":{"desktop":{"background-color":"var(--ast-global-color-5)","background-image":"","background-repeat":"repeat","background-position":"center center","background-size":"auto","background-attachment":"scroll","background-type":"","background-media":"","overlay-type":"","overlay-color":"","overlay-opacity":"","overlay-gradient":""},"tablet":{"background-color":"var(--ast-global-color-5)","background-image":"","background-repeat":"repeat","background-position":"center center","background-size":"auto","background-attachment":"scroll","background-type":"","background-media":"","overlay-type":"","overlay-color":"","overlay-opacity":"","overlay-gradient":""},"mobile":{"background-color":"var(--ast-global-color-5)","background-image":"","background-repeat":"repeat","background-position":"center center","background-size":"auto","background-attachment":"scroll","background-type":"","background-media":"","overlay-type":"","overlay-color":"","overlay-opacity":"","overlay-gradient":""}},"footnotes":""},"class_list":["post-651","page","type-page","status-publish","hentry"],"_links":{"self":[{"href":"https:\/\/fm.univ-chlef.dz\/index.php?rest_route=\/wp\/v2\/pages\/651","targetHints":{"allow":["GET"]}}],"collection":[{"href":"https:\/\/fm.univ-chlef.dz\/index.php?rest_route=\/wp\/v2\/pages"}],"about":[{"href":"https:\/\/fm.univ-chlef.dz\/index.php?rest_route=\/wp\/v2\/types\/page"}],"author":[{"embeddable":true,"href":"https:\/\/fm.univ-chlef.dz\/index.php?rest_route=\/wp\/v2\/users\/4"}],"replies":[{"embeddable":true,"href":"https:\/\/fm.univ-chlef.dz\/index.php?rest_route=%2Fwp%2Fv2%2Fcomments&post=651"}],"version-history":[{"count":3,"href":"https:\/\/fm.univ-chlef.dz\/index.php?rest_route=\/wp\/v2\/pages\/651\/revisions"}],"predecessor-version":[{"id":1547,"href":"https:\/\/fm.univ-chlef.dz\/index.php?rest_route=\/wp\/v2\/pages\/651\/revisions\/1547"}],"up":[{"embeddable":true,"href":"https:\/\/fm.univ-chlef.dz\/index.php?rest_route=\/wp\/v2\/pages\/53"}],"wp:attachment":[{"href":"https:\/\/fm.univ-chlef.dz\/index.php?rest_route=%2Fwp%2Fv2%2Fmedia&parent=651"}],"curies":[{"name":"wp","href":"https:\/\/api.w.org\/{rel}","templated":true}]}}